y) = -y**3 - 5*y**2 - 6*y - 6. Let d be r(-4). Suppose 2*o - 10 - 24 = d*w, 0 = 5*o - 3*w - 91. Suppose -89 = -o*n + 19*n. Is n prime?
True
Let j(h) = h**3 + 5*h**2 - 14*h - 3. Let d be j(-7). Let n(y) = -22*y**3 - 2*y**2 - 2*y + 3. Let a be n(d). Let i = -348 + a. Is i a prime number?
False
Let w = 289 - -921. Suppose -2*y + 2360 + 1032 = 2*k, -5*y = -4*k - 8489. Let i = y - w. Is i composite?
False
Let o(g) = g**2 + 3*g - 4. Let x be o(-4). Let y(c) = -6*c**2 + 4*c - 4. Let j be y(1). Is x + 1 + 47*(-180)/j composite?
True
Let k(h) = 501729*h + 3878. Is k(3) a composite number?
True
Let c be 48/10 - (2 - 24/20). Suppose 5*w = 2*n - n - 3842, -c*w + 4 = 0. Is n a composite number?
False
Let n be 60/(7 - 3) + -1. Suppose 5*m = -2*g + 16, 7*m - 2*m - 22 = -4*g. Is g/(-2) - (-38087)/n prime?
True
Let x be -2 + -1*(-124)/(-4). Let f = x + 37. Suppose 3*h + 5*z = 800, 1059 = f*h - 3*z + 2*z. Is h a composite number?
True
Let n be (-1 - -3)*(-1 - 3). Let f be (-28)/n + 4/(-8). Suppose 0 = 3*y - f*m - 2004, -5*y + 2710 = 3*m - 670. Is y composite?
False
Let i be (51/6)/(2/(-12)). Is (-49637)/(-4) - i/(-204) a prime number?
True
Suppose 31282 = -4*r + 90074. Suppose -109*s = -111*s + r. Is s composite?
False
Let i = 1368 + -676. Let k = -61 - -66. Suppose 150 = k*t + y - i, 0 = -3*t + y + 510. Is t a prime number?
False
Let f(j) = j**3 + 11*j**2 + 25*j - 1. Let c be f(-8). Let k(a) = 186*a - 17. Let y(v) = 93*v - 8. Let x(w) = 6*k(w) - 13*y(w). Is x(c) composite?
False
Let c(l) be the first derivative of -11*l**3/3 - 27*l + 24. Let j be c(12). Let i = 3368 + j. Is i composite?
True
Let m(r) = -r**2 - 9*r + 7. Let y be m(-9). Suppose 0 = j - y*j + 534. Let k = j + 30. Is k a composite number?
True
Suppose 6*v - 2*v = -4*x + 22276, -2*x - 11150 = -2*v. Suppose -12*s + 1184 = -v. Is s prime?
True
Suppose k = -5*c + 970 + 192, -4*k = -2*c - 4538. Suppose -5*z - k = -7. Let n = z - -1293. Is n a composite number?
True
Let i = -1569 + 2541. Let h = i - -55. Is h prime?
False
Suppose 31*q - 15287 + 15132 = 0. Let y = -1016 - -5743. Suppose 3009 + 1702 = q*u + v, -3*v = -5*u + y. Is u a composite number?
True
Let h be -1 + (-58)/(7/((-28)/(-8))). Let l = 71 + h. Let z = -8 + l. Is z prime?
False
Is (20530/3)/(52/78) prime?
False
Let u(g) = -881*g**3 + 9*g**2 - 9*g + 32. Is u(-9) prime?
False
Let x = -3340529 - -5226646. Is x composite?
True
Let m be (-78)/9*(0 + -2 + -283). Suppose -8*b - 4*v - 4095 = -13*b, -3*b + 5*v = -m. Is b prime?
False
Let i = 28119 - 17686. Suppose 4*o - 20848 = 4*f, -15*f + i = 2*o - 20*f. Is o a prime number?
True
Suppose 5*g - 10*g + 17653 = x, -2*g + 5*x = -7072. Let h = g + 2206. Is h a prime number?
True
Suppose 149 = 6*x + 23. Suppose x*y - 4023 = -6*y. Is y a prime number?
True
Let a(r) = 47 + 85*r + 2 + 101*r + 50*r. Is a(27) prime?
True
Suppose 0 = -5*t + 5*v - 380, -4*t + 2*v - 3*v = 309. Let c = t + 81. Is (83/(-2) - 0)/(c/(-56)) a composite number?
True
Let a(n) = 803*n**2 - 8*n + 3. Let m be 2 + (-2)/2 + 1. Is a(m) composite?
True
Let u(z) = 12*z - 116. Let t be u(10). Let b(q) = 900*q - 34. Is b(t) a composite number?
True
Suppose -2*w - w = 63. Let b(v) be the second derivative of v**5/20 + 7*v**4/4 - 2*v**3/3 - 29*v**2/2 + 44*v + 35. Is b(w) composite?
True
Suppose -212 = -7*v - 191. Suppose 0 = -u, v*u - 4567 = -3*h + 3134. Is h a prime number?
False
Suppose -62*i + 23*i = -6513. Is i composite?
False
Let u be 3 + 0 - (-13 - -37). Let y = u + 14. Let n(o) = o**3 + 9*o**2 + 15. Is n(y) prime?
True
Suppose 0 = -84*b + 88*b - 8. Suppose -b*h - 5283 = -11*h. Is h a prime number?
True
Suppose -51*u + 48*u + 431741 = -2*f, -u + 143944 = -5*f. Is u a prime number?
True
Let k(i) = 2*i**2 - i + 1. Let g(t) = -t**3 - 9*t**2 + 20*t + 25. Let n(a) = g(a) + 5*k(a). Is n(-7) a composite number?
False
Let w(d) = -16892*d + 609. Is w(-7) prime?
False
Let q be -1 - (1 + (-9 - -2)). Let z(s) = -4 - 348*s - 3 + 17 - q. Is z(-4) composite?
True
Suppose 78 = 33*w + 6*w. Suppose -w*s - 2290 = 4*b - 7432, s - 2591 = 3*b. Is s composite?
False
Let z(h) = -412*h - 27. Suppose -9*w = 21 + 15. Is z(w) a prime number?
True
Suppose 2*d - 620964 = 2*i + 446114, -i = 5*d - 2667719. Is d a composite number?
False
Let j(f) = 359*f + 2888. Is j(21) a composite number?
False
Let l(y) = -3 + 5 - 21*y + 1893*y + 5. Let t be l(3). Suppose -17*k + 16*k + t = 0. Is k prime?
True
Suppose -23*z + 34*z = 11093208 - 2845342. Is z a composite number?
True
Suppose -4*p + 2610 = 2*p. Let i = p + 233. Suppose 9*l - i = 25. Is l prime?
False
Let q(w) = -w**3 + 3*w**2 + 41*w + 5. Let u be q(8). Suppose 3*z + 4*t - 14187 = 0, 7 - u = 2*t. Is z prime?
True
Suppose -358*r + 5*b + 1806338 = -356*r, -2709517 = -3*r + 5*b. Is r a prime number?
True
Suppose 2*c + 10 = 0, -10 = 4*d - 4*c - 38. Suppose 21*z - 11562 = 19*z - 4*u, -3*z - d*u = -17363. Is z prime?
True
Let m(u) = -1755*u - 4831. Is m(-44) a composite number?
True
Suppose -2*q - 2*d + 1170 = 0, -5*q + 8*q - 3*d - 1761 = 0. Let j = 303 + q. Is j prime?
False
Let q(p) = -2*p - 1. Let a(h) = -h. Let b(d) = a(d) - q(d). Let w(y) = 103*y + 10. Let r(f) = -4*b(f) - w(f). Is r(-5) a composite number?
False
Suppose -18*x = -3*x + 43135 - 662365. Is x a prime number?
False
Let g(z) = -341*z**2 + 18*z + 16. Let o(k) = 684*k**2 - 37*k - 31. Let b(r) = 5*g(r) + 3*o(r). Is b(7) prime?
True
Suppose -5*w + 17 = -8. Is 124 + (6 - w) + -3 prime?
False
Let y = 226 + -334. Suppose k + 5*n - 6 + 55 = 0, -5*k - n - 245 = 0. Let b = k - y. Is b a composite number?
False
Suppose -242 = 2*b - 2*j, 4*j = -b - 19 - 92. Suppose 0 = -2*t + 34 + 3280. Is (-34)/b + t/7 composite?
True
Let w(h) = -1413*h - 6386. Is w(-141) composite?
False
Let q be (4/1)/12 + 38/(-6). Let x(g) = -15*g**3 - 8*g**2 + 10*g + 1. Is x(q) prime?
False
Suppose 262*r + 82*r - 9814884 = -962732. Is r a prime number?
True
Suppose 129*f - 127*f - 16582 = 3*g, 0 = -5*f - g + 41421. Is f a prime number?
False
Suppose 4*a = 2*d - 36, -2*d + 11 = a - 15. Suppose -d*n + 70 = -0*n. Suppose 0*x = -4*x, n*q + 2*x - 7645 = 0. Is q composite?
True
Suppose 4*t - 657516 = 581489 - 415057. Is t a prime number?
False
Let r(x) = -266*x**2 + 20*x + 67. Let q be r(-4). Let o = 6052 + q. Is o prime?
True
Suppose 16*k - 11*k + 3*z = -19, 4*k = 5*z + 7. Let p(w) = 1255*w**2 - w - 5. Is p(k) prime?
False
Suppose 0 = 5*b - w - 2*w + 21, -2*b + w = 9. Is (-15)/(-5) + b - (-1 + -29959) prime?
False
Suppose 0 = -90*t - 70*t + 192*t - 390304. Is t a prime number?
True
Suppose 5*a - 145 = -o, 2*o - 29 = -a - 0. Let u(v) = -a*v - 9*v - 4 - 19. Is u(-14) composite?
False
Suppose 0 = -5*o + 2*o + 132486. Is (-6)/45 - (o/(-15) - -5) prime?
True
Suppose 11*j = j + j + 3062547. Is j a composite number?
False
Let x = 990130 - 183617. Is x prime?
True
Suppose -19 = -7*p + 9. Suppose 0 = v + 3*g - 16, -5*v + p*g = -12 - 11. Suppose 0 = v*m - 11058 + 2917. Is m a prime number?
True
Let y(i) = 5876*i**2 - 24*i + 45. Is y(2) prime?
False
Let n be (-128)/(-14) + -1*3/21. Is 25006 - (n + -13 + 13) a prime number?
False
Suppose -o + 2337659 = 5*w + 3*o, 5*w - o = 2337629. Is w composite?
False
Is (-218228 - -1)/(90/(-10) + 8) composite?
False
Suppose -5*g - 16 = 4*f, -4*g - 3*f - 1 = 11. Suppose -x + g*x = 5*z + 30, 6 = -z + 3*x. Is (-1)/z*1 + 10654/84 a composite number?
False
Let p(h) = 16*h**2 + 29. Let f(b) = -b**3 + 23*b**2 + 26*b - 60. Let y be f(24). Is p(y) prime?
True
Suppose 3*u + 540220 = 5*i, 4*i - 698145 + 265932 = -5*u. Is i prime?
False
Suppose -2*i = -5*p + 3*p - 5152, -5*p + 10 = 0. Let y = i - 927. Is y prime?
False
Let w = 12313 + -5511. Suppose -c - 2*j = -608 - 1661, j - w = -3*c. Is c a prime number?
True
Is -14 + (-8 + 9)*80349 a composite number?
True
Let z(h) = -h**2 - 2*h + 2. Let m be z(-6). Let g be 2/3*99/m. Is 2*(-245)/(-20)*(-6)/g a prime number?
False
Let s(n) = 4202*n**3 - 2*n**2 - n + 2. Let b(i) = -i**3 + 8*i**2 + 1. Suppose -28 = -h - 2*h + 2*t, 42 = 4*h - 5*t. Let y be b(h). Is s(y) prime?
True
Suppose 7*n = 2*n - 965. Suppose -25 - 159 = -2*c + 4*k, 2*c + 2*k - 214 = 0. Let q = c - n. Is q a prime number?
False
Let b be 2 + (-442379)/(-77) - 4/22. Suppose 0 = -2*x - 5*n + 2279, 5*x = 3*n + n + b. Is x prime?
False
Suppose -20*s + 34303 = f - 17*s, 0 = f - 5*s - 34319.